ors of 1590.
2, 3, 5, 53
List the prime factors of 341.
11, 31
What are the prime factors of 4634?
2, 7, 331
What are the prime factors of 14299?
79, 181
List the prime factors of 2586.
2, 3, 431
What are the prime factors of 741?
3, 13, 19
What are the prime factors of 4255?
5, 23, 37
List the prime factors of 17246.
2, 8623
What are the prime factors of 956?
2, 239
What are the prime factors of 57288?
2, 3, 7, 11, 31
List the prime factors of 2351.
2351
What are the prime factors of 1495?
5, 13, 23
List the prime factors of 2183.
37, 59
What are the prime factors of 35869?
35869
What are the prime factors of 6189?
3, 2063
List the prime factors of 10570.
2, 5, 7, 151
What are the prime factors of 7841?
7841
List the prime factors of 7561.
7561
List the prime factors of 8972.
2, 2243
What are the prime factors of 12170?
2, 5, 1217
What are the prime factors of 984?
2, 3, 41
List the prime factors of 3628.
2, 907
What are the prime factors of 2781?
3, 103
List the prime factors of 413.
7, 59
List the prime factors of 609.
3, 7, 29
What are the prime factors of 68928?
2, 3, 359
What are the prime factors of 3029?
13, 233
What are the prime factors of 5504?
2, 43
What are the prime factors of 450?
2, 3, 5
List the prime factors of 8444.
2, 2111
List the prime factors of 77213.
77213
What are the prime factors of 374?
2, 11, 17
List the prime factors of 601.
601
List the prime factors of 17172.
2, 3, 53
What are the prime factors of 1173?
3, 17, 23
What are the prime factors of 491?
491
What are the prime factors of 147?
3, 7
List the prime factors of 28705.
5, 5741
List the prime factors of 471.
3, 157
List the prime factors of 723.
3, 241
What are the prime factors of 2584?
2, 17, 19
What are the prime factors of 4842?
2, 3, 269
List the prime factors of 42.
2, 3, 7
List the prime factors of 213.
3, 71
List the prime factors of 8881.
83, 107
List the prime factors of 9567.
3, 1063
What are the prime factors of 493?
17, 29
What are the prime factors of 13093?
13093
What are the prime factors of 36330?
2, 3, 5, 7, 173
List the prime factors of 22984.
2, 13, 17
List the prime factors of 15518.
2, 7759
List the prime factors of 332.
2, 83
What are the prime factors of 484?
2, 11
List the prime factors of 155589.
3, 7, 31, 239
List the prime factors of 3802.
2, 1901
List the prime factors of 41033.
37, 1109
List the prime factors of 29373.
3, 9791
What are the prime factors of 153956?
2, 11, 3499
What are the prime factors of 14025?
3, 5, 11, 17
List the prime factors of 62756.
2, 29, 541
List the prime factors of 1865.
5, 373
What are the prime factors of 56667?
3, 13, 1453
What are the prime factors of 99965?
5, 19993
What are the prime factors of 9970?
2, 5, 997
What are the prime factors of 3871?
7, 79
What are the prime factors of 5608?
2, 701
What are the prime factors of 2717?
11, 13, 19
List the prime factors of 5606.
2, 2803
What are the prime factors of 145899?
3, 13, 29, 43
List the prime factors of 3649.
41, 89
List the prime factors of 7710.
2, 3, 5, 257
List the prime factors of 154869.
3, 11, 13, 19
What are the prime factors of 111?
3, 37
List the prime factors of 6231.
3, 31, 67
List the prime factors of 1663.
1663
List the prime factors of 34146.
2, 3, 7, 271
What are the prime factors of 2153?
2153
What are the prime factors of 13828?
2, 3457
List the prime factors of 22500.
2, 3, 5
List the prime factors of 949.
13, 73
What are the prime factors of 974?
2, 487
What are the prime factors of 83591?
83591
What are the prime factors of 2732?
2, 683
List the prime factors of 1016.
2, 127
What are the prime factors of 1285?
5, 257
What are the prime factors of 227?
227
List the prime factors of 74309.
19, 3911
List the prime factors of 2188.
2, 547
What are the prime factors of 3576?
2, 3, 149
List the prime factors of 58.
2, 29
List the prime factors of 291.
3, 97
List the prime factors of 8473.
37, 229
What are the prime factors of 2084?
2, 521
List the prime factors of 5830.
2, 5, 11, 53
What are the prime factors of 12902?
2, 6451
List the prime factors of 11363.
11, 1033
List the prime factors of 7145.
5, 1429
List the prime factors of 13582.
2, 6791
What are the prime factors of 99999?
3, 41, 271
What are the prime factors of 1436?
2, 359
What are the prime factors of 31162?
2, 15581
What are the prime factors of 2617?
2617
List the prime factors of 1184.
2, 37
List the prime factors of 110389.
59, 1871
What are the prime factors of 3559?
3559
List the prime factors of 5063.
61, 83
List the prime factors of 1620.
2, 3, 5
What are the prime factors of 61555?
5, 13, 947
List the prime factors of 18009.
3, 23, 29
What are the prime factors of 8200?
2, 5, 41
What are the prime factors of 5034?
2, 3, 839
What are the prime factors of 52646?
2, 11, 2393
What are the prime factors of 22099?
7, 11, 41
List the prime factors of 16361.
16361
List the prime factors of 68766.
2, 3, 73, 157
List the prime factors of 1790.
2, 5, 179
List the prime factors of 57169.
7, 8167
List the prime factors of 14852.
2, 47, 79
What are the prime factors of 63061?
19, 3319
List the prime factors of 5930.
2, 5, 593
List the prime factors of 22348.
2, 37, 151
What are the prime factors of 8284?
2, 19, 109
What are the prime factors of 87951?
3, 19, 1543
What are the prime factors of 849?
3, 283
What are the prime factors of 24123?
3, 11, 17, 43
What are the prime factors of 1856?
2, 29
What are the prime factors of 495?
3, 5, 11
What are the prime factors of 22817?
22817
What are the prime factors of 3731?
7, 13, 41
What are the prime factors of 61013?
17, 37, 97
List the prime factors of 15314.
2, 13, 19, 31
List the prime factors of 26091.
3, 13, 223
List the prime factors of 407.
11, 37
What are the prime factors of 146119?
23, 6353
List the prime factors of 2553.
3, 23, 37
What are the prime factors of 568?
2, 71
List the prime factors of 29155.
5, 7, 17
List the prime factors of 18301.
18301
List the prime factors of 43541.
43541
What are the prime factors of 1226?
2, 613
List the prime factors of 2647.
2647
What are the prime factors of 82?
2, 41
List the prime factors of 135410.
2, 5, 11, 1231
What are the prime factors of 161488?
2, 10093
What are the prime factors of 29737?
131, 227
What are the prime factors of 957?
3, 11, 29
What are the prime factors of 1620?
2, 3, 5
List the prime factors of 1795.
5, 359
What are the prime factors of 6255?
3, 5, 139
List the prime factors of 108.
2, 3
List the prime factors of 447.
3, 149
What are the prime factors of 603?
3, 67
What are the prime factors of 53579?
131, 409
List the prime factors of 880.
2, 5, 11
What are the prime factors of 472?
2, 59
What are the prime factors of 73467?
3, 907
List the prime factors of 24690.
2, 3, 5, 823
What are the prime factors of 25478?
2, 12739
List the prime factors of 1499.
1499
What are the prime factors of 20205?
3, 5, 449
List the prime factors of 34159.
34159
List the prime factors of 5487.
3, 31, 59
List the prime factors of 381.
3, 127
What are the prime factors of 98388?
2, 3, 911
List the prime factors of 11744.
2, 367
List the prime factors of 332.
2, 83
List the prime factors of 151538.
2, 17, 4457
What are the prime factors of 115?
5, 23
What are the prime factors of 41279?
7, 5897
List the prime factors of 263.
263
List the prime factors of 10114.
2, 13, 389
List the prime factors of 3531.
3, 11, 107
List the prime factors of 749.
7, 107
What are the prime factors of 5585?
5, 1117
List the prime factors of 40995.
3, 5, 911
List the prime factors of 76165.
5, 15233
What are the prime factors of 1198?
2, 599
What are the prime factors of 1670?
2, 5, 167
What are the prime factors of 57195?
3, 5, 31, 41
List the prime factors of 10998.
2, 3, 13, 47
List the prime factors of 1408.
2, 11
What are the prime factors of 30657?
3, 11, 929
What are the prime factors of 3263?
13, 251
What are the prime factors of 246?
2, 3, 41
List the prime factors of 5243.
7, 107
What are the prime factors of 3524?
2, 881
List the prime factors of 9026.
2, 4513
What are the prime factors of 226?
2, 113
List the prime factors of 10641.
3, 3547
List the prime factors of 2100.
2, 3, 5, 7
List the prime factors of 1738.
2, 11, 79
List the prime factors of 613.
613
List the prime f